rime factors of 8966977?
8966977
List the prime factors of 584725751.
31, 18862121
List the prime factors of 218252212.
2, 54563053
List the prime factors of 2583819214.
2, 59, 21896773
What are the prime factors of 2298446?
2, 127, 9049
List the prime factors of 376416263.
107, 3517909
List the prime factors of 734267733.
3, 29, 8439859
List the prime factors of 95685017.
431, 222007
List the prime factors of 136373823.
3, 37, 53, 7727
What are the prime factors of 972754432?
2, 13, 101, 1447
What are the prime factors of 85968748?
2, 79, 272053
What are the prime factors of 129604219?
29, 4469111
List the prime factors of 41364310.
2, 5, 13, 59, 5393
What are the prime factors of 108389841?
3, 7, 17, 303613
List the prime factors of 604813777.
17, 257, 138433
List the prime factors of 7273673.
11, 47, 1279
List the prime factors of 6924924543.
3, 10069, 229249
List the prime factors of 46303120.
2, 5, 578789
What are the prime factors of 959517293?
7, 7211, 19009
What are the prime factors of 1521693241?
23027, 66083
What are the prime factors of 123769812?
2, 3, 163, 63277
What are the prime factors of 132528158?
2, 7, 17, 556841
What are the prime factors of 849375175?
5, 11, 1013, 3049
What are the prime factors of 6136898267?
6136898267
What are the prime factors of 55318696?
2, 691, 10007
List the prime factors of 632242.
2, 13, 24317
What are the prime factors of 1416001767?
3, 79, 75629
What are the prime factors of 849568887?
3, 94396543
What are the prime factors of 2999130903?
3, 29, 1361, 8443
What are the prime factors of 1667394282?
2, 3, 103, 2698049
What are the prime factors of 185784599?
7, 11, 13, 185599
What are the prime factors of 54606436?
2, 13651609
List the prime factors of 514429498.
2, 11, 23383159
List the prime factors of 12823472.
2, 73, 10979
List the prime factors of 297645307.
297645307
List the prime factors of 2841606432.
2, 3, 7, 61, 3301
List the prime factors of 46640701.
46640701
What are the prime factors of 153217116?
2, 3, 13, 61, 1789
List the prime factors of 2387879306.
2, 1193939653
List the prime factors of 423295407.
3, 389, 120907
List the prime factors of 13812546.
2, 3, 11, 31, 43, 157
List the prime factors of 158128740.
2, 3, 5, 7, 11, 3803
What are the prime factors of 908552090?
2, 5, 179, 507571
What are the prime factors of 23806936?
2, 17, 193, 907
List the prime factors of 5046281291.
8311, 607181
What are the prime factors of 1336669319?
17, 43, 1828549
List the prime factors of 264666974.
2, 11, 13, 925409
What are the prime factors of 1070500181?
1070500181
What are the prime factors of 760237895?
5, 977, 155627
What are the prime factors of 6094225811?
373, 2969, 5503
List the prime factors of 147298389.
3, 7, 7014209
What are the prime factors of 10747085?
5, 353, 6089
List the prime factors of 440907507.
3, 109, 509, 883
List the prime factors of 3704520152.
2, 3061, 151279
List the prime factors of 2095185226.
2, 59, 193, 197, 467
List the prime factors of 44279413.
44279413
What are the prime factors of 141761928?
2, 3, 7, 11, 41, 1871
What are the prime factors of 95030533?
13, 19, 59, 6521
What are the prime factors of 68325577?
19, 3596083
What are the prime factors of 181392145?
5, 11, 19, 23, 7547
What are the prime factors of 767407768?
2, 1447, 66293
List the prime factors of 6535398.
2, 3, 43, 73, 347
List the prime factors of 986695272.
2, 3, 13704101
What are the prime factors of 36667712?
2, 572933
List the prime factors of 28078745.
5, 23, 37, 6599
List the prime factors of 1300430746.
2, 71, 829, 11047
List the prime factors of 86259668.
2, 11, 1960447
What are the prime factors of 2069481461?
67, 2819, 10957
List the prime factors of 878748940.
2, 5, 31, 1417337
List the prime factors of 4580973853.
19, 13183, 18289
List the prime factors of 50013975.
3, 5, 11, 60623
List the prime factors of 117904866.
2, 3, 37, 531103
List the prime factors of 247716816.
2, 3, 5160767
List the prime factors of 282390116.
2, 43, 353, 4651
List the prime factors of 98502195.
3, 5, 11, 596983
What are the prime factors of 530983077?
3, 176994359
What are the prime factors of 706113460?
2, 5, 13, 29, 71, 1319
List the prime factors of 117645808.
2, 7, 29, 1249
What are the prime factors of 52776679?
52776679
List the prime factors of 96294645.
3, 5, 29, 113, 653
What are the prime factors of 2249786361?
3, 1217, 616211
List the prime factors of 2844042204.
2, 3, 237003517
What are the prime factors of 1227373025?
5, 269, 182509
List the prime factors of 5576851.
7, 796693
List the prime factors of 342315692.
2, 2213, 38671
What are the prime factors of 57839061?
3, 7, 56209
What are the prime factors of 21781990?
2, 5, 107, 20357
List the prime factors of 1008288513.
3, 17, 23, 149, 641
What are the prime factors of 142929637?
107, 1335791
What are the prime factors of 209401433?
1063, 196991
List the prime factors of 375062103.
3, 13, 271, 3943
List the prime factors of 183438845.
5, 36687769
List the prime factors of 2071952.
2, 129497
List the prime factors of 1781467764.
2, 3, 73, 2033639
What are the prime factors of 1301662462?
2, 47, 167, 283, 293
What are the prime factors of 668767074?
2, 3, 79, 281, 5021
What are the prime factors of 5127772?
2, 13, 31, 3181
List the prime factors of 37582288.
2, 71, 33083
List the prime factors of 924972876.
2, 3, 23, 1117117
What are the prime factors of 33626978?
2, 7, 11, 218357
What are the prime factors of 1009595976?
2, 3, 42066499
List the prime factors of 1235134010.
2, 5, 11, 149, 179, 421
List the prime factors of 18458144.
2, 23, 31, 809
List the prime factors of 4973908826.
2, 239, 10405667
List the prime factors of 1740925652.
2, 31, 127, 227, 487
What are the prime factors of 31193730?
2, 3, 5, 571, 607
What are the prime factors of 3382294405?
5, 7, 19, 83, 233, 263
What are the prime factors of 144272181?
3, 43, 401, 2789
List the prime factors of 20627905.
5, 4125581
What are the prime factors of 816718157?
31, 277, 95111
List the prime factors of 208756254.
2, 3, 7, 631, 7877
List the prime factors of 20106793.
7, 883, 3253
List the prime factors of 441692759.
17, 23, 661, 1709
List the prime factors of 210310806.
2, 3, 47, 131, 5693
List the prime factors of 357686249.
61, 5863709
What are the prime factors of 537413622?
2, 3, 17, 5268761
What are the prime factors of 58502799?
3, 83, 78317
What are the prime factors of 137403959?
7, 11, 409, 4363
List the prime factors of 992784961.
7, 1399, 101377
What are the prime factors of 3289960735?
5, 20177, 32611
List the prime factors of 102010732.
2, 89, 286547
What are the prime factors of 6684436550?
2, 5, 11, 17, 19, 191, 197
What are the prime factors of 73800592?
2, 29, 53, 3001
What are the prime factors of 56213472?
2, 3, 7, 23, 3637
List the prime factors of 92006509.
7, 23, 89, 6421
What are the prime factors of 219685355?
5, 1061, 41411
List the prime factors of 1796252936.
2, 224531617
List the prime factors of 21758363.
11, 19, 104107
List the prime factors of 1139820952.
2, 43, 3313433
What are the prime factors of 230214103?
7, 419, 11213
List the prime factors of 491559689.
37, 13285397
List the prime factors of 64104033.
3, 7, 41, 74453
What are the prime factors of 1072733519?
11, 13, 29, 258677
List the prime factors of 81253799.
11, 671519
What are the prime factors of 48287469?
3, 16095823
What are the prime factors of 37307495?
5, 23, 53, 6121
What are the prime factors of 143457088?
2, 31, 72307
List the prime factors of 221637260.
2, 5, 13, 311, 2741
What are the prime factors of 546315765?
3, 5, 36421051
List the prime factors of 704879578.
2, 13, 353, 76801
List the prime factors of 1029377138.
2, 1439, 357671
List the prime factors of 595639427.
3331, 178817
What are the prime factors of 303096718?
2, 53, 53951
List the prime factors of 40283718.
2, 3, 23, 83, 3517
List the prime factors of 3029913954.
2, 3, 168328553
List the prime factors of 770819213.
151, 2153, 2371
What are the prime factors of 82230685?
5, 641, 25657
What are the prime factors of 1903063744?
2, 569, 52259
List the prime factors of 587078346.
2, 3, 4723, 20717
List the prime factors of 1053141559.
1053141559
List the prime factors of 41372306.
2, 353, 58601
List the prim